{"id":2201,"date":"2024-04-24T20:00:05","date_gmt":"2024-04-24T23:00:05","guid":{"rendered":"https:\/\/sociedadesdigitales.org\/web\/?page_id=2201"},"modified":"2024-04-24T20:00:05","modified_gmt":"2024-04-24T23:00:05","slug":"rodolfo-gabrielli","status":"publish","type":"page","link":"https:\/\/sociedadesdigitales.org\/web\/rodolfo-gabrielli\/","title":{"rendered":"Rodolfo Gabrielli"},"content":{"rendered":"<div class=\"wpb-content-wrapper\"><p>[vc_row][vc_column width=\u00bb1\/2&#8243;][vc_single_image image=\u00bb2205&#8243; img_size=\u00bbmedium\u00bb alignment=\u00bbcenter\u00bb][\/vc_column][vc_column width=\u00bb1\/2&#8243;][vc_column_text]Rodolfo Federico Gabrielli es contador p\u00fablico nacional y licenciado en Econom\u00eda de la Universidad Nacional de Cuyo. Becario de la Eisenhower Fellowship.<\/p>\n<p>Fue profesor de An\u00e1lisis Econ\u00f3mico Regional de la Facultad de Ciencias Econ\u00f3micas de UnCuyo.<\/p>\n<p>En Mendoza, entre 1987 a 1991, se desempe\u00f1\u00f3 como ministro de Econom\u00eda e impuls\u00f3 el proceso de reconversi\u00f3n vitivin\u00edcola: un cambio de paradigma del modelo hacia las variedades finas y las exportaciones del sector.<\/p>\n<p>En 1991, ocup\u00f3 el cargo de Gobernador de la provincia hasta 1995. En la administraci\u00f3n p\u00fablica, fue diputado nacional, donde coordin\u00f3 como presidente la Comisi\u00f3n de Comercio; fue ministro del Interior de la Naci\u00f3n y vicepresidente del Banco de la Naci\u00f3n Argentina.<\/p>\n<p>Fue segundo vocal del Organismo Regulador del Sistema Nacional de Aeropuertos (ORSNA) y, en el 2006, se convirti\u00f3 en el primer presidente de la Empresa Argentina de Soluciones Satelitales (ARSAT), donde organiz\u00f3 y puso en funcionamiento dicha empresa.<\/p>\n<p>Posteriormente, fue el primer administrador del Sistema Nacional de Aviaci\u00f3n Civil (ANAC), donde se concret\u00f3 el traspaso de manos militares a civiles del sistema.<\/p>\n<p>En el 2020, fue convocado a presidir la Casa de la Moneda Argentina. Incorpor\u00f3 tecnolog\u00edas de vanguardia, a trav\u00e9s de la implementaci\u00f3n de la plataforma transaccional digital.<\/p>\n<p>Actualmente, lleva adelante un emprendimiento vitivin\u00edcola, continuando una tradici\u00f3n familiar de cuatro generaciones.[\/vc_column_text][\/vc_column][\/vc_row]<\/p>\n<\/div>","protected":false},"excerpt":{"rendered":"<p>[vc_row][vc_column width=\u00bb1\/2&#8243;][vc_single_image image=\u00bb2205&#8243; img_size=\u00bbmedium\u00bb alignment=\u00bbcenter\u00bb][\/vc_column][vc_column width=\u00bb1\/2&#8243;][vc_column_text]Rodolfo Federico Gabrielli es contador p\u00fablico nacional y licenciado en Econom\u00eda de la Universidad Nacional de Cuyo. Becario de la Eisenhower Fellowship. Fue profesor de An\u00e1lisis Econ\u00f3mico Regional de la Facultad de Ciencias Econ\u00f3micas de UnCuyo. En Mendoza, entre 1987 a 1991, se desempe\u00f1\u00f3 como ministro de Econom\u00eda e impuls\u00f3 el proceso de reconversi\u00f3n vitivin\u00edcola: [&hellip;]<\/p>\n","protected":false},"author":1,"featured_media":0,"parent":0,"menu_order":0,"comment_status":"closed","ping_status":"closed","template":"","meta":{"_uag_custom_page_level_css":"","_monsterinsights_skip_tracking":false,"_monsterinsights_sitenote_active":false,"_monsterinsights_sitenote_note":"","_monsterinsights_sitenote_category":0,"footnotes":""},"class_list":["post-2201","page","type-page","status-publish","hentry"],"aioseo_notices":[],"uagb_featured_image_src":{"full":false,"thumbnail":false,"medium":false,"medium_large":false,"large":false,"1536x1536":false,"2048x2048":false,"post-thumbnail":false,"kleo-full-width":false,"kleo-post-gallery":false,"kleo-post-grid":false,"kleo-post-small-thumb":false},"uagb_author_info":{"display_name":"Sociedades Digitales","author_link":"https:\/\/sociedadesdigitales.org\/web\/author\/sociedades-digitales\/"},"uagb_comment_info":0,"uagb_excerpt":"[vc_row][vc_column width=\u00bb1\/2&#8243;][vc_single_image image=\u00bb2205&#8243; img_size=\u00bbmedium\u00bb alignment=\u00bbcenter\u00bb][\/vc_column][vc_column width=\u00bb1\/2&#8243;][vc_column_text]Rodolfo Federico Gabrielli es contador p\u00fablico nacional y licenciado en Econom\u00eda de la Universidad Nacional de Cuyo. Becario de la Eisenhower Fellowship. Fue profesor de An\u00e1lisis Econ\u00f3mico Regional de la Facultad de Ciencias Econ\u00f3micas de UnCuyo. En Mendoza, entre 1987 a 1991, se desempe\u00f1\u00f3 como ministro de Econom\u00eda e impuls\u00f3&hellip;","_links":{"self":[{"href":"https:\/\/sociedadesdigitales.org\/web\/wp-json\/wp\/v2\/pages\/2201","targetHints":{"allow":["GET"]}}],"collection":[{"href":"https:\/\/sociedadesdigitales.org\/web\/wp-json\/wp\/v2\/pages"}],"about":[{"href":"https:\/\/sociedadesdigitales.org\/web\/wp-json\/wp\/v2\/types\/page"}],"author":[{"embeddable":true,"href":"https:\/\/sociedadesdigitales.org\/web\/wp-json\/wp\/v2\/users\/1"}],"replies":[{"embeddable":true,"href":"https:\/\/sociedadesdigitales.org\/web\/wp-json\/wp\/v2\/comments?post=2201"}],"version-history":[{"count":2,"href":"https:\/\/sociedadesdigitales.org\/web\/wp-json\/wp\/v2\/pages\/2201\/revisions"}],"predecessor-version":[{"id":2206,"href":"https:\/\/sociedadesdigitales.org\/web\/wp-json\/wp\/v2\/pages\/2201\/revisions\/2206"}],"wp:attachment":[{"href":"https:\/\/sociedadesdigitales.org\/web\/wp-json\/wp\/v2\/media?parent=2201"}],"curies":[{"name":"wp","href":"https:\/\/api.w.org\/{rel}","templated":true}]}}