{"id":2016,"date":"2024-04-15T19:39:47","date_gmt":"2024-04-15T22:39:47","guid":{"rendered":"https:\/\/sociedadesdigitales.org\/web\/?page_id=2016"},"modified":"2024-04-15T19:39:47","modified_gmt":"2024-04-15T22:39:47","slug":"gonzalo-antelo","status":"publish","type":"page","link":"https:\/\/sociedadesdigitales.org\/web\/gonzalo-antelo\/","title":{"rendered":"Gonzalo Antelo"},"content":{"rendered":"<div class=\"wpb-content-wrapper\"><p>[vc_row][vc_column width=\u00bb1\/2&#8243;][vc_single_image image=\u00bb2018&#8243; img_size=\u00bbmedium\u00bb alignment=\u00bbcenter\u00bb][\/vc_column][vc_column width=\u00bb1\/2&#8243;][vc_column_text]Presidente y Fundador de Noticias \u00a8d\u00a8 Director y Fundador de AdLatam.<\/p>\n<p>Con una amplia trayectoria en la direcci\u00f3n estrat\u00e9gica de medios, Gonzalo dio inicio a su carrera en el Grupo Clar\u00edn llegando a ser Gerente de Negocios Digitales. Durante los a\u00f1os 2013 al 2018 ejerci\u00f3 como Director de Infobae Am\u00e9rica, per\u00edodo en el que la compa\u00f1\u00eda creci\u00f3 fuertemente en toda regi\u00f3n convirti\u00e9ndose en el medio con mayor audiencia de habla hispana.<\/p>\n<p>Su firme compromiso con la evoluci\u00f3n de la industria lo condujo a asumir el rol de Presidente de la Comisi\u00f3n de Medios en IAB Argentina y ocup\u00f3 roles de direcci\u00f3n en RPA Media Place y EPL Media, participando del desarrollo de una red de m\u00e1s de 400 medios en latinoam\u00e9rica.<\/p>\n<p>En el a\u00f1o 2019, convencido de la importancia crucial de la creaci\u00f3n de medios locales en la lucha contra los desiertos medi\u00e1ticos, fund\u00f3 Noticias \u00abd\u00bb, una plataforma l\u00edder en noticias hiperlocales.. Adem\u00e1s, desempe\u00f1a el cargo de Director en AdLatam, una empresa reconocida por su destacado enfoque en publicidad digital y por sus estrategias innovadoras en el mercado.[\/vc_column_text][\/vc_column][\/vc_row]<\/p>\n<\/div>","protected":false},"excerpt":{"rendered":"<p>[vc_row][vc_column width=\u00bb1\/2&#8243;][vc_single_image image=\u00bb2018&#8243; img_size=\u00bbmedium\u00bb alignment=\u00bbcenter\u00bb][\/vc_column][vc_column width=\u00bb1\/2&#8243;][vc_column_text]Presidente y Fundador de Noticias \u00a8d\u00a8 Director y Fundador de AdLatam. Con una amplia trayectoria en la direcci\u00f3n estrat\u00e9gica de medios, Gonzalo dio inicio a su carrera en el Grupo Clar\u00edn llegando a ser Gerente de Negocios Digitales. Durante los a\u00f1os 2013 al 2018 ejerci\u00f3 como Director de Infobae Am\u00e9rica, per\u00edodo en el que la [&hellip;]<\/p>\n","protected":false},"author":1,"featured_media":0,"parent":0,"menu_order":0,"comment_status":"closed","ping_status":"closed","template":"","meta":{"_uag_custom_page_level_css":"","_monsterinsights_skip_tracking":false,"_monsterinsights_sitenote_active":false,"_monsterinsights_sitenote_note":"","_monsterinsights_sitenote_category":0,"footnotes":""},"class_list":["post-2016","page","type-page","status-publish","hentry"],"aioseo_notices":[],"uagb_featured_image_src":{"full":false,"thumbnail":false,"medium":false,"medium_large":false,"large":false,"1536x1536":false,"2048x2048":false,"post-thumbnail":false,"kleo-full-width":false,"kleo-post-gallery":false,"kleo-post-grid":false,"kleo-post-small-thumb":false},"uagb_author_info":{"display_name":"Sociedades Digitales","author_link":"https:\/\/sociedadesdigitales.org\/web\/author\/sociedades-digitales\/"},"uagb_comment_info":0,"uagb_excerpt":"[vc_row][vc_column width=\u00bb1\/2&#8243;][vc_single_image image=\u00bb2018&#8243; img_size=\u00bbmedium\u00bb alignment=\u00bbcenter\u00bb][\/vc_column][vc_column width=\u00bb1\/2&#8243;][vc_column_text]Presidente y Fundador de Noticias \u00a8d\u00a8 Director y Fundador de AdLatam. Con una amplia trayectoria en la direcci\u00f3n estrat\u00e9gica de medios, Gonzalo dio inicio a su carrera en el Grupo Clar\u00edn llegando a ser Gerente de Negocios Digitales. Durante los a\u00f1os 2013 al 2018 ejerci\u00f3 como Director de Infobae Am\u00e9rica,&hellip;","_links":{"self":[{"href":"https:\/\/sociedadesdigitales.org\/web\/wp-json\/wp\/v2\/pages\/2016","targetHints":{"allow":["GET"]}}],"collection":[{"href":"https:\/\/sociedadesdigitales.org\/web\/wp-json\/wp\/v2\/pages"}],"about":[{"href":"https:\/\/sociedadesdigitales.org\/web\/wp-json\/wp\/v2\/types\/page"}],"author":[{"embeddable":true,"href":"https:\/\/sociedadesdigitales.org\/web\/wp-json\/wp\/v2\/users\/1"}],"replies":[{"embeddable":true,"href":"https:\/\/sociedadesdigitales.org\/web\/wp-json\/wp\/v2\/comments?post=2016"}],"version-history":[{"count":2,"href":"https:\/\/sociedadesdigitales.org\/web\/wp-json\/wp\/v2\/pages\/2016\/revisions"}],"predecessor-version":[{"id":2019,"href":"https:\/\/sociedadesdigitales.org\/web\/wp-json\/wp\/v2\/pages\/2016\/revisions\/2019"}],"wp:attachment":[{"href":"https:\/\/sociedadesdigitales.org\/web\/wp-json\/wp\/v2\/media?parent=2016"}],"curies":[{"name":"wp","href":"https:\/\/api.w.org\/{rel}","templated":true}]}}