{"id":1954,"date":"2024-04-14T20:10:39","date_gmt":"2024-04-14T23:10:39","guid":{"rendered":"https:\/\/sociedadesdigitales.org\/web\/?page_id=1954"},"modified":"2024-04-14T20:10:39","modified_gmt":"2024-04-14T23:10:39","slug":"osvaldo-padrevechi","status":"publish","type":"page","link":"https:\/\/sociedadesdigitales.org\/web\/osvaldo-padrevechi\/","title":{"rendered":"Osvaldo Padrevechi"},"content":{"rendered":"<div class=\"wpb-content-wrapper\"><p>[vc_row][vc_column width=\u00bb1\/2&#8243;][vc_single_image image=\u00bb1956&#8243; img_size=\u00bbmedium\u00bb alignment=\u00bbcenter\u00bb][\/vc_column][vc_column width=\u00bb1\/2&#8243;][vc_column_text]Osvaldo Padrevechi es compositor, m\u00fasico, productor art\u00edstico y docente.<\/p>\n<p>&#8211; Es socio fundador de la Cooperativa \u201cEl Abridor\u201d, que a trav\u00e9s de su Escuela de M\u00fasica y su Sello Discogr\u00e1fico tiene como objetivos formar musicalmente a principiantes y avanzados en el campo de la m\u00fasica popular, promover espacios alternativos para la m\u00fasica independiente y fomentar proyectos musicales creativos.<\/p>\n<p>&#8211; Cre\u00f3 y dirigi\u00f3 la revista El Biombo, publicaci\u00f3n musical que se edit\u00f3 mensualmente desde 1990 hasta 2001.<\/p>\n<p>&#8211; Es socio fundador de la UMI, Uni\u00f3n de M\u00fasicos Independientes.<\/p>\n<p>&#8211; Particip\u00f3 en la creaci\u00f3n de la Escuela de M\u00fasica y Arte Urbano dirigida por Litto Nebbia, donde se desempe\u00f1\u00f3 como Vice Director desde el a\u00f1o 2003 hasta el 2007.<\/p>\n<p>&#8211; Produjo cl\u00ednicas y conciertos de artistas internacionales y nacionales: Marty Friedman (Megadeth), Nicko Mac Brian (Iron Maiden), Alphonso Johnson, Liliana Herrero, Richard Coleman, Mono Fontana y Chango Spasiuk, entre otros.<\/p>\n<p>&#8211; Compuso m\u00fasica para Cine y Jingles Publicitarios.<\/p>\n<p>&#8211; Form\u00f3 su propio grupo musical denominado Padre. Integr\u00f3 los grupos Azulejo, Tango Batacazo, Los Arcontes, Los de Fuego y Jorgito y sus Alfajores.[\/vc_column_text][\/vc_column][\/vc_row]<\/p>\n<\/div>","protected":false},"excerpt":{"rendered":"<p>[vc_row][vc_column width=\u00bb1\/2&#8243;][vc_single_image image=\u00bb1956&#8243; img_size=\u00bbmedium\u00bb alignment=\u00bbcenter\u00bb][\/vc_column][vc_column width=\u00bb1\/2&#8243;][vc_column_text]Osvaldo Padrevechi es compositor, m\u00fasico, productor art\u00edstico y docente. &#8211; Es socio fundador de la Cooperativa \u201cEl Abridor\u201d, que a trav\u00e9s de su Escuela de M\u00fasica y su Sello Discogr\u00e1fico tiene como objetivos formar musicalmente a principiantes y avanzados en el campo de la m\u00fasica popular, promover espacios alternativos para la m\u00fasica independiente y fomentar [&hellip;]<\/p>\n","protected":false},"author":1,"featured_media":0,"parent":0,"menu_order":0,"comment_status":"closed","ping_status":"closed","template":"","meta":{"_uag_custom_page_level_css":"","_monsterinsights_skip_tracking":false,"_monsterinsights_sitenote_active":false,"_monsterinsights_sitenote_note":"","_monsterinsights_sitenote_category":0,"footnotes":""},"class_list":["post-1954","page","type-page","status-publish","hentry"],"aioseo_notices":[],"uagb_featured_image_src":{"full":false,"thumbnail":false,"medium":false,"medium_large":false,"large":false,"1536x1536":false,"2048x2048":false,"post-thumbnail":false,"kleo-full-width":false,"kleo-post-gallery":false,"kleo-post-grid":false,"kleo-post-small-thumb":false},"uagb_author_info":{"display_name":"Sociedades Digitales","author_link":"https:\/\/sociedadesdigitales.org\/web\/author\/sociedades-digitales\/"},"uagb_comment_info":0,"uagb_excerpt":"[vc_row][vc_column width=\u00bb1\/2&#8243;][vc_single_image image=\u00bb1956&#8243; img_size=\u00bbmedium\u00bb alignment=\u00bbcenter\u00bb][\/vc_column][vc_column width=\u00bb1\/2&#8243;][vc_column_text]Osvaldo Padrevechi es compositor, m\u00fasico, productor art\u00edstico y docente. &#8211; Es socio fundador de la Cooperativa \u201cEl Abridor\u201d, que a trav\u00e9s de su Escuela de M\u00fasica y su Sello Discogr\u00e1fico tiene como objetivos formar musicalmente a principiantes y avanzados en el campo de la m\u00fasica popular, promover espacios alternativos para&hellip;","_links":{"self":[{"href":"https:\/\/sociedadesdigitales.org\/web\/wp-json\/wp\/v2\/pages\/1954","targetHints":{"allow":["GET"]}}],"collection":[{"href":"https:\/\/sociedadesdigitales.org\/web\/wp-json\/wp\/v2\/pages"}],"about":[{"href":"https:\/\/sociedadesdigitales.org\/web\/wp-json\/wp\/v2\/types\/page"}],"author":[{"embeddable":true,"href":"https:\/\/sociedadesdigitales.org\/web\/wp-json\/wp\/v2\/users\/1"}],"replies":[{"embeddable":true,"href":"https:\/\/sociedadesdigitales.org\/web\/wp-json\/wp\/v2\/comments?post=1954"}],"version-history":[{"count":2,"href":"https:\/\/sociedadesdigitales.org\/web\/wp-json\/wp\/v2\/pages\/1954\/revisions"}],"predecessor-version":[{"id":1957,"href":"https:\/\/sociedadesdigitales.org\/web\/wp-json\/wp\/v2\/pages\/1954\/revisions\/1957"}],"wp:attachment":[{"href":"https:\/\/sociedadesdigitales.org\/web\/wp-json\/wp\/v2\/media?parent=1954"}],"curies":[{"name":"wp","href":"https:\/\/api.w.org\/{rel}","templated":true}]}}