{"id":1856,"date":"2024-04-13T02:06:32","date_gmt":"2024-04-13T05:06:32","guid":{"rendered":"https:\/\/sociedadesdigitales.org\/web\/?page_id=1856"},"modified":"2025-04-20T23:20:03","modified_gmt":"2025-04-21T02:20:03","slug":"sebastian-lorenzo","status":"publish","type":"page","link":"https:\/\/sociedadesdigitales.org\/web\/sebastian-lorenzo\/","title":{"rendered":"Sebasti\u00e1n Lorenzo"},"content":{"rendered":"<div class=\"wpb-content-wrapper\"><p>[vc_row][vc_column width=\u00bb1\/2&#8243;][vc_single_image image=\u00bb2672&#8243; img_size=\u00bbmedium\u00bb alignment=\u00bbcenter\u00bb][\/vc_column][vc_column width=\u00bb1\/2&#8243;][vc_column_text]Sebasti\u00e1n Lorenzo es presidente de la Fundaci\u00f3n Sociedades Digitales, donde coordina un equipo interdisciplinario para el abordaje del ecosistema de la inteligencia artificial desarrollada en espa\u00f1ol y, espec\u00edficamente, su impacto y potencial para Iberoam\u00e9rica. Se desempe\u00f1\u00f3 como director de la Escuela Nacional de Gobierno en la Jefatura de Gabinete de Ministros de Argentina y fue titular del Centro Experimental de Industrias Culturales del gobierno de la provincia de Entre R\u00edos. En 2010, coordin\u00f3 una de las primeras y m\u00e1s completas publicaciones sobre Gobierno Abierto, editada en Espa\u00f1a y Latinoam\u00e9rica. Ha sido vicepresidente de FONTICS, Foro Nacional de las Tecnolog\u00edas de la Inform\u00e1tica y las Comunicaciones, y fundador del Observatorio Iberoamericano de Open Government. Durante los \u00faltimos 20 a\u00f1os ha impartido conferencias sobre participaci\u00f3n ciudadana en internet para organizaciones gubernamentales y de la sociedad civil en pa\u00edses de Sudam\u00e9rica, Centroam\u00e9rica y Europa.[\/vc_column_text][\/vc_column][\/vc_row]<\/p>\n<\/div>","protected":false},"excerpt":{"rendered":"<p>[vc_row][vc_column width=\u00bb1\/2&#8243;][vc_single_image image=\u00bb2672&#8243; img_size=\u00bbmedium\u00bb alignment=\u00bbcenter\u00bb][\/vc_column][vc_column width=\u00bb1\/2&#8243;][vc_column_text]Sebasti\u00e1n Lorenzo es presidente de la Fundaci\u00f3n Sociedades Digitales, donde coordina un equipo interdisciplinario para el abordaje del ecosistema de la inteligencia artificial desarrollada en espa\u00f1ol y, espec\u00edficamente, su impacto y potencial para Iberoam\u00e9rica. Se desempe\u00f1\u00f3 como director de la Escuela Nacional de Gobierno en la Jefatura de Gabinete de Ministros de Argentina y fue [&hellip;]<\/p>\n","protected":false},"author":1,"featured_media":0,"parent":0,"menu_order":0,"comment_status":"closed","ping_status":"closed","template":"","meta":{"_uag_custom_page_level_css":"","_monsterinsights_skip_tracking":false,"_monsterinsights_sitenote_active":false,"_monsterinsights_sitenote_note":"","_monsterinsights_sitenote_category":0,"footnotes":""},"class_list":["post-1856","page","type-page","status-publish","hentry"],"aioseo_notices":[],"uagb_featured_image_src":{"full":false,"thumbnail":false,"medium":false,"medium_large":false,"large":false,"1536x1536":false,"2048x2048":false,"post-thumbnail":false,"kleo-full-width":false,"kleo-post-gallery":false,"kleo-post-grid":false,"kleo-post-small-thumb":false},"uagb_author_info":{"display_name":"Sociedades Digitales","author_link":"https:\/\/sociedadesdigitales.org\/web\/author\/sociedades-digitales\/"},"uagb_comment_info":0,"uagb_excerpt":"[vc_row][vc_column width=\u00bb1\/2&#8243;][vc_single_image image=\u00bb2672&#8243; img_size=\u00bbmedium\u00bb alignment=\u00bbcenter\u00bb][\/vc_column][vc_column width=\u00bb1\/2&#8243;][vc_column_text]Sebasti\u00e1n Lorenzo es presidente de la Fundaci\u00f3n Sociedades Digitales, donde coordina un equipo interdisciplinario para el abordaje del ecosistema de la inteligencia artificial desarrollada en espa\u00f1ol y, espec\u00edficamente, su impacto y potencial para Iberoam\u00e9rica. Se desempe\u00f1\u00f3 como director de la Escuela Nacional de Gobierno en la Jefatura de Gabinete de&hellip;","_links":{"self":[{"href":"https:\/\/sociedadesdigitales.org\/web\/wp-json\/wp\/v2\/pages\/1856","targetHints":{"allow":["GET"]}}],"collection":[{"href":"https:\/\/sociedadesdigitales.org\/web\/wp-json\/wp\/v2\/pages"}],"about":[{"href":"https:\/\/sociedadesdigitales.org\/web\/wp-json\/wp\/v2\/types\/page"}],"author":[{"embeddable":true,"href":"https:\/\/sociedadesdigitales.org\/web\/wp-json\/wp\/v2\/users\/1"}],"replies":[{"embeddable":true,"href":"https:\/\/sociedadesdigitales.org\/web\/wp-json\/wp\/v2\/comments?post=1856"}],"version-history":[{"count":3,"href":"https:\/\/sociedadesdigitales.org\/web\/wp-json\/wp\/v2\/pages\/1856\/revisions"}],"predecessor-version":[{"id":2673,"href":"https:\/\/sociedadesdigitales.org\/web\/wp-json\/wp\/v2\/pages\/1856\/revisions\/2673"}],"wp:attachment":[{"href":"https:\/\/sociedadesdigitales.org\/web\/wp-json\/wp\/v2\/media?parent=1856"}],"curies":[{"name":"wp","href":"https:\/\/api.w.org\/{rel}","templated":true}]}}