{"id":1727,"date":"2024-04-12T20:27:07","date_gmt":"2024-04-12T23:27:07","guid":{"rendered":"https:\/\/sociedadesdigitales.org\/web\/?page_id=1727"},"modified":"2026-03-11T21:36:32","modified_gmt":"2026-03-12T00:36:32","slug":"nicolas-trotta","status":"publish","type":"page","link":"https:\/\/sociedadesdigitales.org\/web\/nicolas-trotta\/","title":{"rendered":"Nicol\u00e1s Trotta"},"content":{"rendered":"<div class=\"wpb-content-wrapper\"><p>[vc_row][vc_column width=\u00bb1\/2&#8243;][vc_single_image image=\u00bb1730&#8243; img_size=\u00bbmedium\u00bb alignment=\u00bbcenter\u00bb][\/vc_column][vc_column width=\u00bb1\/2&#8243;][vc_column_text]Nicol\u00e1s Trotta es abogado, doctorando en Educaci\u00f3n, y docente universitario. Actualmente es Diputado Nacional por la provincia de Buenos Aires desde 2025.<\/p>\n<p>Es presidente del Consejo Acad\u00e9mico de la Universidad Metropolitana para la Educaci\u00f3n y el Trabajo y Presidente de la <a href=\"https:\/\/www.bancar.org.ar\/\">Fundaci\u00f3n Bancar<\/a>, de la Asociaci\u00f3n Bancaria. Desde el 10 de diciembre de 2019 hasta el 20 de septiembre de 2021 se desempe\u00f1\u00f3 como Ministro de Educaci\u00f3n de la Naci\u00f3n Argentina y Presidente de Educar S.E.<\/p>\n<p>Coordin\u00f3 los equipos t\u00e9cnicos que de la campa\u00f1a presidencial del Frente de Todos en 2019. Entre 2014 y el 2019 se desempe\u00f1\u00f3 como rector de la Universidad Metropolitana para la Educaci\u00f3n y el Trabajo (UMET), la primera instituci\u00f3n de educaci\u00f3n superior impulsada y cogestionada por m\u00e1s de 30 organizaciones sindicales. Bajo esta premisa, con el apoyo de Conicet, impuls\u00f3 la creaci\u00f3n del Centro de Innovaci\u00f3n de los Trabajadores (CITRA), primera experiencia de participaci\u00f3n sist\u00e9mica de los sindicatos en la producci\u00f3n de conocimiento.<\/p>\n<p>Trotta ocup\u00f3 diversos cargos en la administraci\u00f3n p\u00fablica: subsecretario de Tecnolog\u00edas de Gesti\u00f3n de la Jefatura de Gabinete de Ministros (2008-09); director de la Escuela Nacional de Gobierno (2004-08); secretario administrativo del Bloque Justicialista de la Legislatura de la Ciudad (2003); y director de la Comisi\u00f3n de Desarrollo Econ\u00f3mico, Mercosur y Pol\u00edticas de Empleo (2000-02).<\/p>\n<p>Es autor de diversos libros y art\u00edculos, entre los que se destaca \u201cM\u00fajica por Pepe\u201d, publicado en el 2020 por Editorial Planeta y \u201cLatinoam\u00e9rica piensa\u201d, publicado en 2018 por Editorial Octubre. Tambi\u00e9n dirigi\u00f3 el documental \u201cLatinoam\u00e9rica, territorio en disputa\u201d, estrenada en 2019.[\/vc_column_text][\/vc_column][\/vc_row]<\/p>\n<\/div>","protected":false},"excerpt":{"rendered":"<p>[vc_row][vc_column width=\u00bb1\/2&#8243;][vc_single_image image=\u00bb1730&#8243; img_size=\u00bbmedium\u00bb alignment=\u00bbcenter\u00bb][\/vc_column][vc_column width=\u00bb1\/2&#8243;][vc_column_text]Nicol\u00e1s Trotta es abogado, doctorando en Educaci\u00f3n, y docente universitario. Actualmente es Diputado Nacional por la provincia de Buenos Aires desde 2025. Es presidente del Consejo Acad\u00e9mico de la Universidad Metropolitana para la Educaci\u00f3n y el Trabajo y Presidente de la Fundaci\u00f3n Bancar, de la Asociaci\u00f3n Bancaria. Desde el 10 de diciembre de 2019 hasta [&hellip;]<\/p>\n","protected":false},"author":1,"featured_media":0,"parent":0,"menu_order":0,"comment_status":"closed","ping_status":"closed","template":"","meta":{"_uag_custom_page_level_css":"","_monsterinsights_skip_tracking":false,"_monsterinsights_sitenote_active":false,"_monsterinsights_sitenote_note":"","_monsterinsights_sitenote_category":0,"footnotes":""},"class_list":["post-1727","page","type-page","status-publish","hentry"],"aioseo_notices":[],"uagb_featured_image_src":{"full":false,"thumbnail":false,"medium":false,"medium_large":false,"large":false,"1536x1536":false,"2048x2048":false,"post-thumbnail":false,"kleo-full-width":false,"kleo-post-gallery":false,"kleo-post-grid":false,"kleo-post-small-thumb":false},"uagb_author_info":{"display_name":"Sociedades Digitales","author_link":"https:\/\/sociedadesdigitales.org\/web\/author\/sociedades-digitales\/"},"uagb_comment_info":0,"uagb_excerpt":"[vc_row][vc_column width=\u00bb1\/2&#8243;][vc_single_image image=\u00bb1730&#8243; img_size=\u00bbmedium\u00bb alignment=\u00bbcenter\u00bb][\/vc_column][vc_column width=\u00bb1\/2&#8243;][vc_column_text]Nicol\u00e1s Trotta es abogado, doctorando en Educaci\u00f3n, y docente universitario. Actualmente es Diputado Nacional por la provincia de Buenos Aires desde 2025. Es presidente del Consejo Acad\u00e9mico de la Universidad Metropolitana para la Educaci\u00f3n y el Trabajo y Presidente de la Fundaci\u00f3n Bancar, de la Asociaci\u00f3n Bancaria. Desde el 10&hellip;","_links":{"self":[{"href":"https:\/\/sociedadesdigitales.org\/web\/wp-json\/wp\/v2\/pages\/1727","targetHints":{"allow":["GET"]}}],"collection":[{"href":"https:\/\/sociedadesdigitales.org\/web\/wp-json\/wp\/v2\/pages"}],"about":[{"href":"https:\/\/sociedadesdigitales.org\/web\/wp-json\/wp\/v2\/types\/page"}],"author":[{"embeddable":true,"href":"https:\/\/sociedadesdigitales.org\/web\/wp-json\/wp\/v2\/users\/1"}],"replies":[{"embeddable":true,"href":"https:\/\/sociedadesdigitales.org\/web\/wp-json\/wp\/v2\/comments?post=1727"}],"version-history":[{"count":4,"href":"https:\/\/sociedadesdigitales.org\/web\/wp-json\/wp\/v2\/pages\/1727\/revisions"}],"predecessor-version":[{"id":3305,"href":"https:\/\/sociedadesdigitales.org\/web\/wp-json\/wp\/v2\/pages\/1727\/revisions\/3305"}],"wp:attachment":[{"href":"https:\/\/sociedadesdigitales.org\/web\/wp-json\/wp\/v2\/media?parent=1727"}],"curies":[{"name":"wp","href":"https:\/\/api.w.org\/{rel}","templated":true}]}}